*z - 172 - 861 = 0, -3*b - 3*z = -618. What is the units digit of b?
9
Let i(z) = 43*z. Let c be i(1). Suppose 0 = -c*u + 37*u + 6. What is the units digit of u?
1
Suppose 0 = 3155*k - 3165*k + 20255 + 13855. What is the units digit of k?
1
What is the hundreds digit of (-72)/(-60)*(-26575)/(-15)?
1
Suppose -5*a - v = -3600, -3*v - 720 = -19*a + 18*a. What is the tens digit of a?
2
Let o(u) = -u**3 + 9*u**2 + 24*u - 26. Let h be o(11). What is the units digit of (-1 + 2968/40)/(h/(-10))?
3
Let g be (-20 + -42)/(1/3*2). Let h = 90 + g. What is the units digit of (-294)/h - (1 + 1)?
6
Let v be ((16/6)/1)/((-4)/18). Let t be (v/(-30))/(1/5). Suppose t = -2*x + 168. What is the tens digit of x?
8
What is the units digit of 846/(-12)*(-7 + (-748)/12)?
8
What is the units digit of (9 - (2 + 8))*-2694?
4
Let w = -9 + 77. Suppose 59*i + 5148 = w*i. What is the hundreds digit of i?
5
Let k = -9988 - -17108. Suppose -11*l + k + 415 = 0. What is the units digit of l?
5
Suppose -3*g - 172679 = -4*r, 0 = -4*r - 3*g + 59958 + 112739. What is the ten thousands digit of r?
4
Let q be 3/(-9) - (95/15)/(-1). Suppose -q*r = -10*r - 36. What is the tens digit of (r/(-2) - 3) + (-914)/(-4)?
3
Suppose 27*r - 31 = -220. Let x(g) = 12*g**2 + 20*g - 17. What is the tens digit of x(r)?
3
Let g = -152 + 131. Let t = g - -25. Suppose t*n - 496 = 548. What is the units digit of n?
1
Suppose t - 3*t + 12833 = -3*r, 4*r = -4*t + 25636. What is the tens digit of t?
1
Suppose -152*d - 54287 + 205527 = 0. What is the units digit of d?
5
Let u = -245 - -368. Let f = -68 + u. What is the units digit of ((-78)/5)/((-22)/f)?
9
Let n(q) = -3*q + 26. Let x = -14 + 22. Let d be n(x). Suppose -5*j = 5*i - 870, i = -d*j - 20 + 195. What is the tens digit of i?
7
Let n(w) = -w + 2. Let a be n(-1). What is the tens digit of (a - (5 + 4)) + 207?
0
Suppose 374*p - 347*p - 110214 = 0. What is the hundreds digit of p?
0
Let g be ((-6168)/7)/((-40)/140). Suppose 5*n - 75 = 2*x - 1617, -4*x + g = -3*n. What is the units digit of x?
1
Let h = -26 - -26. Suppose -7*z - 13 - 1 = h. What is the tens digit of (-2 - (-134)/(-4))*z?
7
Suppose 0 = c - 7 + 5, -5*c = -3*l + 1715. Suppose 4*y - 4*g - l = 121, -3*y + 5*g = -530. What is the tens digit of y?
7
Suppose -v = -c + 11978, 37*c + 2*v + 35931 = 40*c. What is the units digit of c?
5
Let y be 2/(-7) - (-253)/77. Suppose 4*b + 2*o = 1526, -o + 1930 = 5*b - y*o. What is the tens digit of b?
8
Let v(i) = 7*i**2 - 89*i - 32. Let c be v(25). Suppose 9*a = -5*q + 8*a + 3542, 3*q - 3*a - c = 0. What is the units digit of q?
8
Suppose 171453 = 5*i + 3*d, -5*i + 10*d = 12*d - 171457. What is the ten thousands digit of i?
3
Let a be (4*-4)/(3 + -5). Suppose a*x - x = 168. Suppose 4 + x = w - 5*p, -76 = -4*w + 2*p. What is the units digit of w?
8
Let m(j) = 5*j**3 + 6*j**2 - 6*j - 4. Let n(w) = 5*w**3 + 7*w**2 - 6*w - 5. Let u(c) = -4*m(c) + 3*n(c). What is the tens digit of u(-4)?
4
Let a(w) = 5*w**2 - 6*w + 1. Let h(m) = 7*m**2 - 7*m + 1. Let d(b) = -4*a(b) + 3*h(b). Suppose 3*t + t - 8 = 0. What is the units digit of d(t)?
9
Let v = 1102 + 4535. What is the thousands digit of v?
5
What is the hundreds digit of (-17)/(85/(-30)) + 1700*85/2?
2
Suppose -5*g + 6*g - 5 = 0. Let f be -2*(-1 - (0 - -1)). Suppose 0 = -g*a, 0 = 4*b - f*a - 121 - 7. What is the tens digit of b?
3
Let u be (-6)/(-8) - 2*(-2)/16. Let q(c) = 31*c**3 - 5*c + 4. Let t be q(u). What is the tens digit of (t/(-60))/(1/(-584))?
9
Suppose -28*y - 156240 = -90*y. What is the units digit of y?
0
Let r(d) = d**3 + 12*d**2 - 18*d - 11. Let p be r(-13). Let m be (-4)/(-18) + 2*75/p. Suppose 2*z + 98 = 4*c - m*z, 8 = -4*z. What is the units digit of c?
2
What is the ten thousands digit of (533448/(-868))/(3/(-203))?
4
Suppose 3*v = 6*n - 97122, n - 19*v - 16166 = -15*v. What is the hundreds digit of n?
1
Suppose -3*r - 1 = -13. Suppose 5*w + r = 24. Suppose -w*y = -7*y + 273. What is the tens digit of y?
9
Suppose -4*w + 8 = -8*w. Let k(j) = -3*j**3 + j**2 + j - 2. Let n be k(w). Suppose -f + n = -3*y - 0*y, 4*f - 4*y - 112 = 0. What is the tens digit of f?
3
Suppose 2*d + 3*z + 69 - 197 = 0, -3*d + 214 = -z. Let k = d + -67. Suppose -k*j - w + 74 = 0, -3*j - 23 = -4*j - 2*w. What is the units digit of j?
5
Suppose 78*f = -12*f + 4860. Let p = -6 + 11. Suppose -f = -q - p*q. What is the units digit of q?
9
Suppose 103*o + 35313 - 618808 = 0. What is the tens digit of o?
6
Suppose 4*h = 5*u + 147136, -3*u = -2*h + 37939 + 35629. What is the ten thousands digit of h?
3
Suppose 0 = -r - 3*q + 3248, 12*q + 6551 = 2*r + 7*q. Suppose 3*d - 3583 + 310 = -4*t, 5*d - r = -4*t. What is the hundreds digit of t?
8
Suppose -610527 - 864078 = -165*c. What is the thousands digit of c?
8
Suppose 5*x - 306 = 3*r, 43*r = -3*x + 47*r + 177. What is the units digit of 2372/14 - (468/x + -7)?
9
What is the tens digit of 23/(276/(-28360))*(1 + 35)/(-6)?
8
Let f = 10073 + -6797. What is the units digit of f?
6
Let f = 60646 - 21865. What is the units digit of f?
1
Let z(a) = a**2 - 4. Let x = -16 - -18. Suppose 2*p = -3*l + 17, -x*l + p + 17 - 1 = 0. What is the tens digit of z(l)?
4
Let i(x) = 4 + 4*x**3 + 1 - 2*x + 1 - 5. Let a be i(1). Suppose a*v = 4*v - 219. What is the tens digit of v?
1
Suppose -5*q + 100786 = 9*n, 4*n - 77*q - 44760 = -75*q. What is the thousands digit of n?
1
Let b(y) = -y**3 - 5*y**2 + 6*y - 9. Let l be b(-8). What is the tens digit of (-622)/(-10) - 162/l?
6
Suppose 6*h - 4049 = 295. Suppose 4*q = -5*z + 1981 + 910, -q - z + h = 0. What is the units digit of q?
9
Let j(u) = -u - 31. Let q be j(-13). Let g be 710/6 + (-3 - 48/q). Let y = g + -71. What is the units digit of y?
7
Suppose 9*z - 134385 = 26913. What is the tens digit of z?
2
What is the tens digit of 434862/20 + (-106)/1060?
4
Let r(c) = -1491*c + 596. What is the units digit of r(-7)?
3
What is the units digit of (-18093 + 6)*1/(-3)?
9
Let r be (-2)/(-18) + -4774*(-22)/99. Suppose -f + 3*y + 1228 = 0, -f + r + 169 = -2*y. What is the thousands digit of f?
1
Suppose 524*p - 9905142 = 128*p + 13172946. What is the hundreds digit of p?
2
Suppose -36*b + 720 = -0*b. Suppose -6*r + 10*r - b = 0, 2585 = 5*d - r. What is the hundreds digit of d?
5
Suppose 0 = -2*o + 2*v + 510, -15*o = -12*o + 3*v - 771. What is the tens digit of o?
5
Let r(s) be the first derivative of 2*s**2 - 53*s + 1767. Let w(b) = -16*b**3 - b**2 + b + 1. Let x be w(-1). What is the units digit of r(x)?
7
Let v be 3/(-8) - 36729/(-88). What is the hundreds digit of v*(2 + 0)*(-26)/(-78)?
2
Suppose -846*m + 895*m = 723926. What is the hundreds digit of m?
7
Let c(f) = -3279*f - 1580. What is the tens digit of c(-8)?
5
Suppose -4*n - 5*r = 17, 0 = 4*n - 0*r + 4*r + 12. Suppose k + 303 = 3*u, -n*u + 202 = 3*k - k. Let w = u + -18. What is the units digit of w?
3
Suppose 0 = -l + 3*h - 130, 3*l + 210 = l - 4*h. Let n = l + 522. What is the tens digit of n?
0
Let n be -1*2/((-2)/(-19)). Let z be (-4 + 0 - (-18)/6)*n. What is the units digit of (z - 1)*45/6?
5
Suppose -5*v = -5*h - 30250, 12128 = 2*v - 1767*h + 1772*h. What is the thousands digit of v?
6
Let p(z) = 2*z**2 + z - 3. Let r = -19 - 30. Let u be (-1)/(-7) + (-140)/r. What is the units digit of p(u)?
8
Let d = -23 - -119. Suppose o = -z - 0*z, -8 = -2*o + 2*z. Suppose o*c = 8*c - d. What is the tens digit of c?
1
Suppose 70 - 394 = -4*m. Suppose -5*x + 3*p - 144 = -7*x, 3*p + m = x. What is the tens digit of x?
7
Let i be (1/(-2))/((-1)/6). Suppose 0 = 2*l - i*l. Suppose -4*q - 5*b + 404 = 0, q + 2*b - 4*b - 88 = l. What is the units digit of q?
6
Let n(c) = -2841*c**3 + 4*c**2 - 12*c - 37. What is the units digit of n(-2)?
1
Let p(z) be the third derivative of -7*z**6/120 + 7*z**5/60 - 3*z**4/8 + z**3/2 + 11*z**2 - z. What is the units digit of p(-3)?
2
Let o(b) = 6*b + 12. Let a be o(15). What is the units digit of (1406/a - 4/34)*3?
1
Let f = -51 + 46. What is the tens digit of 113 + (f - -3) + 3?
1
Suppose 4*l - 13115 = -3*z, 223*z = 218*z + 5*l + 21835. What is the thousands digit of z?
4
Let z(n) = n**2 - 6*n + 2. Let h be z(6). Let b(i) be the second derivative of 23*i**4/12 - i**3/2 + 5*i**2/2 - 32*i. What is the units digit of b(h)?
1
Suppose -70*k - 100*k + 1070190 = -123*k. What is the units dig